ppose h + 4*g - 25 = 0, -3*h = -5*h - 3*g + 25. Suppose -m - 3*n - n = -257, -5*m = h*n - 1315. What are the prime factors of m?
5, 53
Let r = -26204 + 71532. List the prime factors of r.
2, 2833
Suppose 0 = 2*s - l - 180, 3*l - 4*l = 0. Let v = -33 + s. Suppose -v = -3*u - 24. List the prime factors of u.
11
Let m(x) = -56*x**2 - 51*x - 7*x + 34*x**2 + 321 + 21*x**2. List the prime factors of m(-45).
2, 3, 151
Let k = 986 - -296. Suppose -9*a + 761 = -k. List the prime factors of a.
227
Let k be ((-11)/22)/(1/4376) - 1. List the prime factors of (-9)/12 + k/(-44).
7
Suppose -95*n = -57324 + 15334. List the prime factors of n.
2, 13, 17
Suppose 0 = t + 2*s - 15036, -2*t + 14413 + 15632 = -5*s. List the prime factors of t/24 - 6/24.
2, 313
Let u be (-57)/(-5) + 0 + 21/35. Suppose 0 = -s + u*s - 9427. List the prime factors of s.
857
Let w(x) = 27*x + 7 - 10*x - 1 - 13*x. Let y(r) = 8*r + 56. Let m be y(-5). List the prime factors of w(m).
2, 5, 7
List the prime factors of (-54)/(-1836) - (-1031967)/34.
2, 7, 271
Suppose -66 = -30*y + 8*y. Suppose y*n + 1413 = 12*n. List the prime factors of n.
157
List the prime factors of ((-15)/(-6) - 2)*440858/29.
11, 691
Let s(c) = 7320*c**3 - 5*c**2 - c + 1. Let q be s(1). Suppose 37*o - q = 18*o. List the prime factors of o.
5, 7, 11
Let r = -1002 + 67533. What are the prime factors of r?
3, 67, 331
Let k(s) = 899*s**2 - 5*s + 3. Let d be k(2). Suppose 4*y = -2*v + 1288, 5*v + 2*y - d + 409 = 0. What are the prime factors of v?
2, 317
List the prime factors of (3 - (-1748)/6)/(-11*(-18)/39204).
2, 3, 11, 883
Let g(m) = 9*m**2 - 11*m - 32. Let x(h) = -8*h**2 + 10*h + 35. Let o(l) = -4*g(l) - 6*x(l). List the prime factors of o(11).
2, 3, 199
Let g(f) = -151*f - 90*f - 79*f - 2 + 401*f. What are the prime factors of g(3)?
241
Let d(v) be the second derivative of 5*v**3/3 + 20*v**2 - 33*v. Let i be d(-5). Let l(a) = a**3 + 10*a**2 - 6*a - 9. List the prime factors of l(i).
3, 17
Suppose 8*x = 19928 + 168. What are the prime factors of (-42)/28*(x/(-3))/4?
2, 157
Suppose -25049 = -2*x + 2*u - 6895, -27217 = -3*x - 4*u. List the prime factors of x.
3, 5, 11
Let k = 4744 - 1584. Suppose 167*u = 162*u + k. List the prime factors of u.
2, 79
Suppose -41*c + 44*c = 3*v - 1197, -3*v = -4*c - 1191. List the prime factors of v.
3, 5
Suppose -55*l + 311544 = 17*l. What are the prime factors of l?
4327
Let b(c) be the second derivative of 5*c**4/4 + c**2/2 - 29*c. Let k(x) = -2*x - 2. Let d be k(-2). List the prime factors of b(d).
61
Let p = -6824 - -15767. What are the prime factors of p?
3, 11, 271
Let p be 3/(-9)*(-906)/(-2). Let i = p - -180. List the prime factors of i.
29
Let d(s) = s - 40. Let a be d(37). Let u(n) = 101*n**2 - 17*n - 43. What are the prime factors of u(a)?
7, 131
Suppose 5*f - m - 9560 = 0, 4*m = 5*f - 11195 + 1650. Let s = -1137 + f. List the prime factors of s.
2, 97
What are the prime factors of (5/3 - (51952/(-24) - 1))*3?
2, 3251
Let s = 41 - 41. Let q = -4 - s. What are the prime factors of 20/(-7)*14/q?
2, 5
Let x = 39 + -40. Let t be (x - -471)/((-14)/(-7)). Suppose -2*l = -0*l + 4, -t = -5*i + 5*l. What are the prime factors of i?
3, 5
Let y(i) = 22*i + 6*i + 30*i + 18*i + 9 + 2*i. What are the prime factors of y(16)?
3, 419
Suppose 320631 = 2*y + 9*y - 55635. List the prime factors of y.
2, 3, 5701
Let o be (-24)/20*(-1 - 15/10). What are the prime factors of 64/3*63/o?
2, 7
Let i(k) = 2*k**3 - 8*k**2 - 5*k + 21. Let h be 10/(-20)*-2*(8 + -2). List the prime factors of i(h).
3, 5
Let c(z) = 3*z**2 - 7*z + 20. Let k be (3 + 18/10)*15/(-3). Let q be k/(-9)*(4 - 1). List the prime factors of c(q).
2, 3, 13
Let x(i) = 20*i**3 + 11*i**2 - 18*i - 9. List the prime factors of x(3).
2, 3
Suppose 3*m - z - 7 = 0, -z = 2*m - 3*m + 1. Suppose -m*d + 5*d = -3*b + 3, 4*b + 5*d = 4. List the prime factors of (0 - b)/((-8)/536).
67
Let m(r) be the second derivative of -r**5/20 - 3*r**4/4 + r**3/6 + 7*r**2/2 - 15*r. Let j be m(-5). Let b = j + 175. What are the prime factors of b?
7, 11
Suppose 0 = -226*g + 211*g + 45. Suppose 5*u - 2*x - 3153 = 0, -2*u + 5*u = g*x + 1899. List the prime factors of u.
17, 37
Suppose 0 = -3*w - 3*y + 29 + 328, 0 = w + 3*y - 123. Let z = w + -40. Suppose -z - 61 = -c. What are the prime factors of c?
2, 3, 23
Let x = -12776 + 20095. What are the prime factors of x?
13, 563
List the prime factors of 2/28 + 5995020/840.
3, 13, 61
Suppose 4*j - 3*j + 2*k - 3 = 0, -2*k = 0. What are the prime factors of j + (3/(-2))/((-30)/4700)?
2, 7, 17
Let a = -1804 + 263. Let s = 3171 + a. What are the prime factors of s?
2, 5, 163
Let m = -889 + 904. Suppose -2*r - 11*h = -m*h - 332, 5*r = -5*h + 905. List the prime factors of r.
2, 11
Let o(d) = -d**3 + 5*d**2 + 6*d. Let y be o(6). Suppose 3*g = 2*g + 3. Suppose n - g*n + 96 = y. What are the prime factors of n?
2, 3
Let y(r) = -1099*r + 134. List the prime factors of y(-6).
2, 29
Suppose 4*i = -10 + 2. Let d(z) = -27*z**3 - 4*z**2 - 4*z - 10. What are the prime factors of d(i)?
2, 3, 11
Suppose -22*n - 462888 = -897325 - 466595. What are the prime factors of n?
2, 3, 3413
Suppose -1548 = -166*a + 165*a + 4*w, -5*a = -3*w - 7689. List the prime factors of a.
2, 3
What are the prime factors of ((-95)/(-19))/((-15)/(-18)) - -5875?
5881
Let z = 24423 + -7349. List the prime factors of z.
2, 8537
Let s = 253 - 254. Let m(x) = 1606*x**2 + 7*x + 8. List the prime factors of m(s).
1607
Suppose 23*k = 31*k - 96. Suppose 21054 = -w + k*w. What are the prime factors of w?
2, 3, 11, 29
Suppose 5*h = 5*a + 2350, 4*h + 3*a + 409 - 2289 = 0. Suppose 4920 = 10*b - h. What are the prime factors of b?
7, 11
Let i = 16264 - 2598. What are the prime factors of i?
2, 6833
List the prime factors of 11511 - (9 - -2)/11*-9.
2, 3, 5
Suppose 18*b = 64370 + 10060. List the prime factors of b.
5, 827
Suppose 4*f + 5*a - 47 = 0, -a = 4*f - 3*a - 82. Suppose 4*n + 5*j = 68, -44 = -0*n - 2*n - 5*j. Suppose 0 = 16*w - f*w + n. What are the prime factors of w?
2, 3
Let n = 43 + -66. Let k(h) = -h**3 - 23*h**2 - h - 17. Let i be k(n). Let s(u) = 7*u**2 - 2*u + 3. What are the prime factors of s(i)?
3
Let r = 373 + -350. Suppose 0 = x + 4, 28*x - r*x - 1770 = -2*v. What are the prime factors of v?
5, 179
Let p(f) = 3517*f - 274. List the prime factors of p(2).
2, 5, 13
Suppose o = l + 1, 0*l = 3*o + 3*l - 9. Let y be (664/18)/(-4) - o/(-9). Let r = y + 13. What are the prime factors of r?
2
List the prime factors of -21 + 4698 + 4 + -19.
2, 3, 7, 37
Suppose 118*q - 170*q + 2407756 = 0. List the prime factors of q.
19, 2437
Suppose -3 = -3*f, -4*n - 33 = -5*f - 244. Let u = 175 - n. List the prime factors of u.
11
Suppose -2*k + 2*a + 73506 = 0, 3*k + a + 0*a - 110251 = 0. List the prime factors of k.
11, 13, 257
Let a be (-3)/24 - 21819/(-24). Let g = a + -516. List the prime factors of g.
3, 131
Let l be ((-6)/(-7))/(3/49). What are the prime factors of l/56 - -67*34/8?
3, 5, 19
Suppose 5*h + 1226 + 294 = 0. List the prime factors of (-4 + 0 + 0)*63992/h.
2, 421
Let n be -1 + (-1 + 1 - (0 - -480)). Let y = 89 - n. List the prime factors of y.
2, 3, 5, 19
Suppose -3*b = 5*i - 46132, 2*b = 14*i - 18*i + 30756. What are the prime factors of b?
2, 7687
List the prime factors of 3065544/75 + (10 - 0) + (-29512)/2975.
2, 107, 191
Let s(z) = 46*z**3 + 7*z**2 + 4*z + 3. Let y be s(4). Suppose 9*i - 6*i = y. Suppose p + 4*k - 141 - 120 = 0, -4*p + 3*k + i = 0. List the prime factors of p.
257
Let v be 2/(-10) + (-288)/(-40). Suppose 25 = v*z - 6*z. Suppose 5*p + z = 0, 0 = -4*q - 3*p + p + 746. List the prime factors of q.
3, 7
Suppose -2*k = -932 + 290. Let v = -16 + k. What are the prime factors of v?
5, 61
Let i(f) = 2*f + 2. Let p be i(-5). Let a(k) be the third derivative of -5*k**4/24 - 29*k**3/6 - 31*k**2. List the prime factors of a(p).
11
Suppose 0 = 11*f - 196*f + 354330 + 3384705. What are the prime factors of f?
3, 6737
Let o(u) = u**2 - 17*u + 72. Let k be o(8). Suppose s - 6*s + 2*d + 3010 = k, 5*d = -5*s + 2975. What are the prime factors of s?
2, 3, 5
What are the prime factors of 9416 + -355 + (-6)/1?
5, 1811
Suppose 2*s + 2452 = -3*u + 467, -5*u = -4*s - 3981. List the prime factors of 4/2 + (-38 - s).
2, 479
Let n = -504 + 504. Suppose n = 12*a + 4139